{"id":81,"date":"2019-09-01T15:15:48","date_gmt":"2019-09-01T13:15:48","guid":{"rendered":"http:\/\/crac-asbl.org\/?page_id=81"},"modified":"2019-10-06T21:19:53","modified_gmt":"2019-10-06T19:19:53","slug":"les-terres-agricoles","status":"publish","type":"page","link":"https:\/\/crac-asbl.org\/?page_id=81","title":{"rendered":"Les terres agricoles"},"content":{"rendered":"\n<p>Ce sont 104 hectares de terres agricoles qui sont impact\u00e9s par le projet de la nouvelle carri\u00e8re de Carmeuse entre Hemptinne et Saint-Aubin.<\/p>\n\n\n\n<p>Au-del\u00e0 la disparition d\u00e9finitive de ces terres d\u00e9volues \u00e0 l&rsquo;agriculture et \u00e0 l&rsquo;\u00e9levage; ce sont les exploitants agricoles eux-m\u00eames qui sont touch\u00e9s.  Et m\u00eame si une &lsquo;compensation&rsquo; sous forme d&rsquo;\u00e9change de surface agricoles a \u00e9t\u00e9 propos\u00e9e; celle-ci ne couvre qu&rsquo;une petite partie de celles amen\u00e9es \u00e0 dispara\u00eetre&#8230; tout en \u00ab\u00a0pr\u00e9sentant des caract\u00e9ristiques agronomiques diff\u00e9rents de celle de la plage agricole soustraite\u00a0\u00bb.  Sans compter le morcellement induit par ce type d&rsquo;\u00e9change.<\/p>\n\n\n\n<p>Annexes (\u00e0 t\u00e9l\u00e9charger) :<\/p>\n\n\n\n<ul><li><a href=\"http:\/\/crac-asbl.org\/wp-content\/uploads\/2019\/09\/DGA-20080603-Position.pdf\" target=\"_blank\" rel=\"noreferrer noopener\" aria-label=\" (s\u2019ouvre dans un nouvel onglet)\">R\u00e9ponse de la DGA (Direction G\u00e9n\u00e9rale de l&rsquo;Agriculture) \u00e0 la modification partielle du plan de secteur.<\/a><\/li><\/ul>\n","protected":false},"excerpt":{"rendered":"<p>Ce sont 104 hectares de terres agricoles qui sont impact\u00e9s par le projet de la nouvelle carri\u00e8re de Carmeuse entre Hemptinne et Saint-Aubin. Au-del\u00e0 la disparition d\u00e9finitive de ces terres d\u00e9volues \u00e0 l&rsquo;agriculture et \u00e0 l&rsquo;\u00e9levage; ce sont les exploitants agricoles eux-m\u00eames qui sont touch\u00e9s. Et m\u00eame si une &lsquo;compensation&rsquo; sous forme d&rsquo;\u00e9change de surface &hellip; <\/p>\n<p><a class=\"more-link btn\" href=\"https:\/\/crac-asbl.org\/?page_id=81\">Lire la suite<\/a><\/p>\n","protected":false},"author":2,"featured_media":0,"parent":0,"menu_order":0,"comment_status":"closed","ping_status":"closed","template":"","meta":{"_uag_custom_page_level_css":"","footnotes":""},"uagb_featured_image_src":{"full":false,"thumbnail":false,"medium":false,"medium_large":false,"large":false,"1536x1536":false,"2048x2048":false,"graphene_slider":false,"post-thumbnail":false},"uagb_author_info":{"display_name":"CRAC","author_link":"https:\/\/crac-asbl.org\/?author=2"},"uagb_comment_info":0,"uagb_excerpt":"Ce sont 104 hectares de terres agricoles qui sont impact\u00e9s par le projet de la nouvelle carri\u00e8re de Carmeuse entre Hemptinne et Saint-Aubin. Au-del\u00e0 la disparition d\u00e9finitive de ces terres d\u00e9volues \u00e0 l&rsquo;agriculture et \u00e0 l&rsquo;\u00e9levage; ce sont les exploitants agricoles eux-m\u00eames qui sont touch\u00e9s. Et m\u00eame si une &lsquo;compensation&rsquo; sous forme d&rsquo;\u00e9change de surface\u2026","_links":{"self":[{"href":"https:\/\/crac-asbl.org\/index.php?rest_route=\/wp\/v2\/pages\/81"}],"collection":[{"href":"https:\/\/crac-asbl.org\/index.php?rest_route=\/wp\/v2\/pages"}],"about":[{"href":"https:\/\/crac-asbl.org\/index.php?rest_route=\/wp\/v2\/types\/page"}],"author":[{"embeddable":true,"href":"https:\/\/crac-asbl.org\/index.php?rest_route=\/wp\/v2\/users\/2"}],"replies":[{"embeddable":true,"href":"https:\/\/crac-asbl.org\/index.php?rest_route=%2Fwp%2Fv2%2Fcomments&post=81"}],"version-history":[{"count":3,"href":"https:\/\/crac-asbl.org\/index.php?rest_route=\/wp\/v2\/pages\/81\/revisions"}],"predecessor-version":[{"id":334,"href":"https:\/\/crac-asbl.org\/index.php?rest_route=\/wp\/v2\/pages\/81\/revisions\/334"}],"wp:attachment":[{"href":"https:\/\/crac-asbl.org\/index.php?rest_route=%2Fwp%2Fv2%2Fmedia&parent=81"}],"curies":[{"name":"wp","href":"https:\/\/api.w.org\/{rel}","templated":true}]}}

<p>Ce sont 104 hectares de terres agricoles qui sont impactés par le projet de la nouvelle carrière de Carmeuse entre Hemptinne et Saint-Aubin.</p>



<p>Au-delà la disparition définitive de ces terres dévolues à l&rsquo;agriculture et à l&rsquo;élevage; ce sont les exploitants agricoles eux-mêmes qui sont touchés.  Et même si une &lsquo;compensation&rsquo; sous forme d&rsquo;échange de surface agricoles a été proposée; celle-ci ne couvre qu&rsquo;une petite partie de celles amenées à disparaître&#8230; tout en « présentant des caractéristiques agronomiques différents de celle de la plage agricole soustraite ».  Sans compter le morcellement induit par ce type d&rsquo;échange.</p>



<p>Annexes (à télécharger) :</p>



<ul><li><a href="http://crac-asbl.org/wp-content/uploads/2019/09/DGA-20080603-Position.pdf" target="_blank" rel="noreferrer noopener" aria-label=" (s’ouvre dans un nouvel onglet)">Réponse de la DGA (Direction Générale de l&rsquo;Agriculture) à la modification partielle du plan de secteur.</a></li></ul>

<p>Ce sont 104 hectares de terres agricoles qui sont impactés par le projet de la nouvelle carrière de Carmeuse entre Hemptinne et Saint-Aubin. Au-delà la disparition définitive de ces terres dévolues à l&rsquo;agriculture et à l&rsquo;élevage; ce sont les exploitants agricoles eux-mêmes qui sont touchés. Et même si une &lsquo;compensation&rsquo; sous forme d&rsquo;échange de surface &hellip; </p>
<p><a class="more-link btn" href="https://crac-asbl.org/?page_id=81">Lire la suite</a></p>

Ce sont 104 hectares de terres agricoles qui sont impactés par le projet de la nouvelle carrière de Carmeuse entre Hemptinne et Saint-Aubin. Au-delà la disparition définitive de ces terres dévolues à l&rsquo;agriculture et à l&rsquo;élevage; ce sont les exploitants agricoles eux-mêmes qui sont touchés. Et même si une &lsquo;compensation&rsquo; sous forme d&rsquo;échange de surface…
