{"id":75,"date":"2019-09-01T14:56:16","date_gmt":"2019-09-01T12:56:16","guid":{"rendered":"http:\/\/crac-asbl.org\/?page_id=75"},"modified":"2024-01-22T18:37:54","modified_gmt":"2024-01-22T17:37:54","slug":"laquifere","status":"publish","type":"page","link":"https:\/\/crac-asbl.org\/?page_id=75","title":{"rendered":"L&rsquo;aquif\u00e8re"},"content":{"rendered":"\n<p>L&rsquo;exploitation d&rsquo;une carri\u00e8re requiert le pompage de gigantesques volumes d&rsquo;eau.  Alors que l&rsquo;on parle de changement climatique, d&rsquo;\u00e9pisodes de s\u00e9cheresse, de p\u00e9nurie d&rsquo;eau,&#8230;  Chaque ann\u00e9e; ce sont des millions de m\u00e8tres cubes d&rsquo;eau qui sont pomp\u00e9s de la nappe phr\u00e9atique, ressource commune et partag\u00e9e; pour permettre une exploitation et des profits priv\u00e9s.<\/p>\n\n\n\n<p>Les cons\u00e9quence sont \u00e0 la hauteur de la surexploitation : <br>&#8211; diminution du d\u00e9bit, voire disparition de certains ruisseaux;<br>&#8211; effondrements karstiques<br>&#8211; &#8230;<\/p>\n\n\n\n<p>Ci-dessous, les derni\u00e8res donn\u00e9es officielles du SPW \u00e0 notre disposition en cette fin 2023.<br>L&rsquo;on notera notamment une <strong>augmentation substantielle (+113%)<\/strong> et r\u00e9guli\u00e8re; particuli\u00e8rement ces 7 derni\u00e8res ann\u00e9es, du volume total des  pompages dans la r\u00e9gion de Florennes.  Ceux-ci sont notamment imputables \u00e0 l&rsquo;exploitation de la carri\u00e8re Solvay et \u00e0 l&rsquo;ex-carri\u00e8re Berthe (Calcaires de Florennes).<br>\n<img decoding=\"async\" src=\"http:\/\/crac-asbl.org\/wp-content\/uploads\/2024\/01\/pompages-2010_2022-Data.png\"><br>\n<img decoding=\"async\" src=\"http:\/\/crac-asbl.org\/wp-content\/uploads\/2024\/01\/pompages-2010_2022-Graphe.png\"><\/p>\n\n\n\n<p>Vous trouverez ci-dessous divers documents \u00e0 t\u00e9l\u00e9charger pour votre information :<\/p>\n\n\n\n<ul>\n<li><a rel=\"noreferrer noopener\" aria-label=\"Dossier relatif aux probl\u00e8mes karstiques sur les communes de Florennes, Mettet, Philippeville et Walcourt. (s\u2019ouvre dans un nouvel onglet)\" href=\"http:\/\/crac-asbl.org\/?attachment_id=200\" target=\"_blank\">Do<\/a><a rel=\"noreferrer noopener\" aria-label=\" (s\u2019ouvre dans un nouvel onglet)\" href=\"http:\/\/crac-asbl.org\/wp-content\/uploads\/2019\/09\/CRAC-Eau-DossierKarstique.pdf\" target=\"_blank\">ssier relatif aux probl\u00e8mes karstiques sur les communes de Florennes, Mettet, Philippeville et Walcourt.<\/a><\/li>\n\n\n\n<li><a rel=\"noreferrer noopener\" aria-label=\" (s\u2019ouvre dans un nouvel onglet)\" href=\"http:\/\/crac-asbl.org\/wp-content\/uploads\/2019\/09\/CRAC-Eau-ReleveDesVolumesPreleves_201909.pdf\" target=\"_blank\">Relev\u00e9 des pr\u00e9l\u00e8vements mensuels de 2003 \u00e0 septembre 2009 (donn\u00e9es seront prochainement actualis\u00e9es&#8230;)<\/a><\/li>\n\n\n\n<li><a href=\"http:\/\/crac-asbl.org\/wp-content\/uploads\/2019\/09\/CRAC-Eau-AssechementGalerieDrainanteAWalcourt.pdf\" target=\"_blank\" rel=\"noreferrer noopener\" aria-label=\" (s\u2019ouvre dans un nouvel onglet)\">Production journali\u00e8re de la SWDE \u00e0 Walcourt (Cr\u00e8vecoeur et Yves-Gomez\u00e9e) entre 2001 et 2008 (actualisation \u00e0 venir).<\/a><\/li>\n<\/ul>\n\n\n\n<p>Avis par rapport \u00e0 la demande de modification du plan de secteur, dans le domaine de l&rsquo;eau : <\/p>\n\n\n\n<ul>\n<li><a rel=\"noreferrer noopener\" aria-label=\" (s\u2019ouvre dans un nouvel onglet)\" href=\"http:\/\/crac-asbl.org\/wp-content\/uploads\/2019\/09\/SWE-20080521-Position.pdf\" target=\"_blank\">Avis de la SWDE (Soci\u00e9t\u00e9 Wallonne des Eaux)<\/a><\/li>\n\n\n\n<li><a rel=\"noreferrer noopener\" aria-label=\" (s\u2019ouvre dans un nouvel onglet)\" href=\"http:\/\/crac-asbl.org\/wp-content\/uploads\/2019\/09\/INASEP-20080609-Position.pdf\" target=\"_blank\">Avis de l&rsquo;INASEP<\/a><\/li>\n\n\n\n<li><a href=\"http:\/\/crac-asbl.org\/wp-content\/uploads\/2019\/09\/CWEPSS-20080404-Avis.pdf\" target=\"_blank\" rel=\"noreferrer noopener\" aria-label=\" (s\u2019ouvre dans un nouvel onglet)\">Avis de la CWEPSS (Commission Wallonne d&rsquo;Etude et de Protection des Sites Souterrains)<\/a><\/li>\n<\/ul>\n","protected":false},"excerpt":{"rendered":"<p>L&rsquo;exploitation d&rsquo;une carri\u00e8re requiert le pompage de gigantesques volumes d&rsquo;eau. Alors que l&rsquo;on parle de changement climatique, d&rsquo;\u00e9pisodes de s\u00e9cheresse, de p\u00e9nurie d&rsquo;eau,&#8230; Chaque ann\u00e9e; ce sont des millions de m\u00e8tres cubes d&rsquo;eau qui sont pomp\u00e9s de la nappe phr\u00e9atique, ressource commune et partag\u00e9e; pour permettre une exploitation et des profits priv\u00e9s. Les cons\u00e9quence sont &hellip; <\/p>\n<p><a class=\"more-link btn\" href=\"https:\/\/crac-asbl.org\/?page_id=75\">Lire la suite<\/a><\/p>\n","protected":false},"author":2,"featured_media":0,"parent":0,"menu_order":0,"comment_status":"closed","ping_status":"closed","template":"","meta":{"_uag_custom_page_level_css":"","footnotes":""},"uagb_featured_image_src":{"full":false,"thumbnail":false,"medium":false,"medium_large":false,"large":false,"1536x1536":false,"2048x2048":false,"graphene_slider":false,"post-thumbnail":false},"uagb_author_info":{"display_name":"CRAC","author_link":"https:\/\/crac-asbl.org\/?author=2"},"uagb_comment_info":0,"uagb_excerpt":"L&rsquo;exploitation d&rsquo;une carri\u00e8re requiert le pompage de gigantesques volumes d&rsquo;eau. Alors que l&rsquo;on parle de changement climatique, d&rsquo;\u00e9pisodes de s\u00e9cheresse, de p\u00e9nurie d&rsquo;eau,&#8230; Chaque ann\u00e9e; ce sont des millions de m\u00e8tres cubes d&rsquo;eau qui sont pomp\u00e9s de la nappe phr\u00e9atique, ressource commune et partag\u00e9e; pour permettre une exploitation et des profits priv\u00e9s. Les cons\u00e9quence sont\u2026","_links":{"self":[{"href":"https:\/\/crac-asbl.org\/index.php?rest_route=\/wp\/v2\/pages\/75"}],"collection":[{"href":"https:\/\/crac-asbl.org\/index.php?rest_route=\/wp\/v2\/pages"}],"about":[{"href":"https:\/\/crac-asbl.org\/index.php?rest_route=\/wp\/v2\/types\/page"}],"author":[{"embeddable":true,"href":"https:\/\/crac-asbl.org\/index.php?rest_route=\/wp\/v2\/users\/2"}],"replies":[{"embeddable":true,"href":"https:\/\/crac-asbl.org\/index.php?rest_route=%2Fwp%2Fv2%2Fcomments&post=75"}],"version-history":[{"count":17,"href":"https:\/\/crac-asbl.org\/index.php?rest_route=\/wp\/v2\/pages\/75\/revisions"}],"predecessor-version":[{"id":559,"href":"https:\/\/crac-asbl.org\/index.php?rest_route=\/wp\/v2\/pages\/75\/revisions\/559"}],"wp:attachment":[{"href":"https:\/\/crac-asbl.org\/index.php?rest_route=%2Fwp%2Fv2%2Fmedia&parent=75"}],"curies":[{"name":"wp","href":"https:\/\/api.w.org\/{rel}","templated":true}]}}

L&rsquo;aquifère

<p>L&rsquo;exploitation d&rsquo;une carrière requiert le pompage de gigantesques volumes d&rsquo;eau.  Alors que l&rsquo;on parle de changement climatique, d&rsquo;épisodes de sécheresse, de pénurie d&rsquo;eau,&#8230;  Chaque année; ce sont des millions de mètres cubes d&rsquo;eau qui sont pompés de la nappe phréatique, ressource commune et partagée; pour permettre une exploitation et des profits privés.</p>



<p>Les conséquence sont à la hauteur de la surexploitation : <br>&#8211; diminution du débit, voire disparition de certains ruisseaux;<br>&#8211; effondrements karstiques<br>&#8211; &#8230;</p>



<p>Ci-dessous, les dernières données officielles du SPW à notre disposition en cette fin 2023.<br>L&rsquo;on notera notamment une <strong>augmentation substantielle (+113%)</strong> et régulière; particulièrement ces 7 dernières années, du volume total des  pompages dans la région de Florennes.  Ceux-ci sont notamment imputables à l&rsquo;exploitation de la carrière Solvay et à l&rsquo;ex-carrière Berthe (Calcaires de Florennes).<br>
<img decoding="async" src="http://crac-asbl.org/wp-content/uploads/2024/01/pompages-2010_2022-Data.png"><br>
<img decoding="async" src="http://crac-asbl.org/wp-content/uploads/2024/01/pompages-2010_2022-Graphe.png"></p>



<p>Vous trouverez ci-dessous divers documents à télécharger pour votre information :</p>



<ul>
<li><a rel="noreferrer noopener" aria-label="Dossier relatif aux problèmes karstiques sur les communes de Florennes, Mettet, Philippeville et Walcourt. (s’ouvre dans un nouvel onglet)" href="http://crac-asbl.org/?attachment_id=200" target="_blank">Do</a><a rel="noreferrer noopener" aria-label=" (s’ouvre dans un nouvel onglet)" href="http://crac-asbl.org/wp-content/uploads/2019/09/CRAC-Eau-DossierKarstique.pdf" target="_blank">ssier relatif aux problèmes karstiques sur les communes de Florennes, Mettet, Philippeville et Walcourt.</a></li>



<li><a rel="noreferrer noopener" aria-label=" (s’ouvre dans un nouvel onglet)" href="http://crac-asbl.org/wp-content/uploads/2019/09/CRAC-Eau-ReleveDesVolumesPreleves_201909.pdf" target="_blank">Relevé des prélèvements mensuels de 2003 à septembre 2009 (données seront prochainement actualisées&#8230;)</a></li>



<li><a href="http://crac-asbl.org/wp-content/uploads/2019/09/CRAC-Eau-AssechementGalerieDrainanteAWalcourt.pdf" target="_blank" rel="noreferrer noopener" aria-label=" (s’ouvre dans un nouvel onglet)">Production journalière de la SWDE à Walcourt (Crèvecoeur et Yves-Gomezée) entre 2001 et 2008 (actualisation à venir).</a></li>
</ul>



<p>Avis par rapport à la demande de modification du plan de secteur, dans le domaine de l&rsquo;eau : </p>



<ul>
<li><a rel="noreferrer noopener" aria-label=" (s’ouvre dans un nouvel onglet)" href="http://crac-asbl.org/wp-content/uploads/2019/09/SWE-20080521-Position.pdf" target="_blank">Avis de la SWDE (Société Wallonne des Eaux)</a></li>



<li><a rel="noreferrer noopener" aria-label=" (s’ouvre dans un nouvel onglet)" href="http://crac-asbl.org/wp-content/uploads/2019/09/INASEP-20080609-Position.pdf" target="_blank">Avis de l&rsquo;INASEP</a></li>



<li><a href="http://crac-asbl.org/wp-content/uploads/2019/09/CWEPSS-20080404-Avis.pdf" target="_blank" rel="noreferrer noopener" aria-label=" (s’ouvre dans un nouvel onglet)">Avis de la CWEPSS (Commission Wallonne d&rsquo;Etude et de Protection des Sites Souterrains)</a></li>
</ul>

<p>L&rsquo;exploitation d&rsquo;une carrière requiert le pompage de gigantesques volumes d&rsquo;eau. Alors que l&rsquo;on parle de changement climatique, d&rsquo;épisodes de sécheresse, de pénurie d&rsquo;eau,&#8230; Chaque année; ce sont des millions de mètres cubes d&rsquo;eau qui sont pompés de la nappe phréatique, ressource commune et partagée; pour permettre une exploitation et des profits privés. Les conséquence sont &hellip; </p>
<p><a class="more-link btn" href="https://crac-asbl.org/?page_id=75">Lire la suite</a></p>

L&rsquo;exploitation d&rsquo;une carrière requiert le pompage de gigantesques volumes d&rsquo;eau. Alors que l&rsquo;on parle de changement climatique, d&rsquo;épisodes de sécheresse, de pénurie d&rsquo;eau,&#8230; Chaque année; ce sont des millions de mètres cubes d&rsquo;eau qui sont pompés de la nappe phréatique, ressource commune et partagée; pour permettre une exploitation et des profits privés. Les conséquence sont…
