{"id":27,"date":"2019-08-19T17:00:25","date_gmt":"2019-08-19T15:00:25","guid":{"rendered":"http:\/\/crac-asbl.org\/?page_id=27"},"modified":"2024-01-22T15:42:38","modified_gmt":"2024-01-22T14:42:38","slug":"nous-contacter","status":"publish","type":"page","link":"https:\/\/crac-asbl.org\/?page_id=27","title":{"rendered":"Nous contacter !"},"content":{"rendered":"\n<h2 class=\"wp-block-heading\">Comment nous contacter ?<\/h2>\n\n\n\n<p><strong>Adresse du si\u00e8ge social :<\/strong><br>Rue du Fourneau, 36<br>5620 Saint-Aubin<br>Belgique<br><br>Num\u00e9ro d&rsquo;entreprise : 451.103.448<br><br>T\u00e9l : +32 (0) 71 689578<br>Courriel : crac.florennes@hotmail.com<\/p>\n\n\n\n<h2 class=\"wp-block-heading\">Comment nous aider ?<\/h2>\n\n\n\n<h3>En nous faisant un don<\/h3>\n\n\n\n<p>Sur le compte BE79 0682 2518 6133, en pr\u00e9cisant votre nom en communication.<br>Ces fonds nous aiderons \u00e0 vous informer; et \u00e0 nous faire assister d&rsquo;un avocat lors des proc\u00e9dures juridiques.<\/p>\n\n\n\n<h3 class=\"wp-block-heading\">En rejoignant notre comit\u00e9<\/h3>\n\n\n\n<p>Vos id\u00e9es, vos arguments, votre volont\u00e9 d&rsquo;agir sont les bienvenus.<\/p>\n\n\n\n<h3 class=\"wp-block-heading\">En clamant votre opposition<\/h3>\n\n\n\n<p>Autour de vous, sur les r\u00e9seaux sociaux, aupr\u00e8s des autorit\u00e9s communales de Florennes et de Walcourt.<br>Pour rappel, ces derni\u00e8res ont marqu\u00e9 de fa\u00e7on r\u00e9p\u00e9t\u00e9e leur opposition au projet au cours des ann\u00e9es&#8230; <\/p>\n","protected":false},"excerpt":{"rendered":"<p>Comment nous contacter ? Adresse du si\u00e8ge social :Rue du Fourneau, 365620 Saint-AubinBelgique Num\u00e9ro d&rsquo;entreprise : 451.103.448 T\u00e9l : +32 (0) 71 689578Courriel : crac.florennes@hotmail.com Comment nous aider ? En nous faisant un don Sur le compte BE79 0682 2518 6133, en pr\u00e9cisant votre nom en communication.Ces fonds nous aiderons \u00e0 vous informer; et \u00e0 &hellip; <\/p>\n<p><a class=\"more-link btn\" href=\"https:\/\/crac-asbl.org\/?page_id=27\">Lire la suite<\/a><\/p>\n","protected":false},"author":2,"featured_media":0,"parent":0,"menu_order":0,"comment_status":"closed","ping_status":"closed","template":"","meta":{"_uag_custom_page_level_css":"","footnotes":""},"uagb_featured_image_src":{"full":false,"thumbnail":false,"medium":false,"medium_large":false,"large":false,"1536x1536":false,"2048x2048":false,"graphene_slider":false,"post-thumbnail":false},"uagb_author_info":{"display_name":"CRAC","author_link":"https:\/\/crac-asbl.org\/?author=2"},"uagb_comment_info":0,"uagb_excerpt":"Comment nous contacter ? Adresse du si\u00e8ge social :Rue du Fourneau, 365620 Saint-AubinBelgique Num\u00e9ro d&rsquo;entreprise : 451.103.448 T\u00e9l : +32 (0) 71 689578Courriel : crac.florennes@hotmail.com Comment nous aider ? En nous faisant un don Sur le compte BE79 0682 2518 6133, en pr\u00e9cisant votre nom en communication.Ces fonds nous aiderons \u00e0 vous informer; et \u00e0\u2026","_links":{"self":[{"href":"https:\/\/crac-asbl.org\/index.php?rest_route=\/wp\/v2\/pages\/27"}],"collection":[{"href":"https:\/\/crac-asbl.org\/index.php?rest_route=\/wp\/v2\/pages"}],"about":[{"href":"https:\/\/crac-asbl.org\/index.php?rest_route=\/wp\/v2\/types\/page"}],"author":[{"embeddable":true,"href":"https:\/\/crac-asbl.org\/index.php?rest_route=\/wp\/v2\/users\/2"}],"replies":[{"embeddable":true,"href":"https:\/\/crac-asbl.org\/index.php?rest_route=%2Fwp%2Fv2%2Fcomments&post=27"}],"version-history":[{"count":18,"href":"https:\/\/crac-asbl.org\/index.php?rest_route=\/wp\/v2\/pages\/27\/revisions"}],"predecessor-version":[{"id":554,"href":"https:\/\/crac-asbl.org\/index.php?rest_route=\/wp\/v2\/pages\/27\/revisions\/554"}],"wp:attachment":[{"href":"https:\/\/crac-asbl.org\/index.php?rest_route=%2Fwp%2Fv2%2Fmedia&parent=27"}],"curies":[{"name":"wp","href":"https:\/\/api.w.org\/{rel}","templated":true}]}}